1
Let z(d) = -2*d - 19. Let a be z(-12). Calculate the greatest common divisor of a and 15.
5
Let u be -24 + 1 + (-6)/2. Let f = u + 136. What is the greatest common divisor of f and 10?
10
Suppose -3*c + 0*c = -24. Let v = c - 1. Calculate the greatest common factor of 1 and v.
1
Let c = -6 + 4. Let h be 26 + 2*(-3 - c). Suppose 3*k - 3*r = -k - 3, -r = -k - 2. Calculate the highest common divisor of k and h.
3
Let a = 2 - 1. Let p be 10/2*a - 2. Let m = 2 + p. What is the highest common factor of 5 and m?
5
Suppose 0 = -3*o + 5*o - 286. What is the highest common factor of 13 and o?
13
Let w be (48/(-6))/(2/(-1)). What is the greatest common factor of 2 and w?
2
Suppose 6*y - 4 = x + y, 5*y + 7 = 2*x. What is the greatest common factor of 55 and x?
11
Let j(n) = n**3 - n**2 + 22. Let o be j(0). Suppose 5*h - o = -4*w, 5*h - 5*w - 34 = 6. What is the highest common factor of h and 24?
6
Let u be (-12)/54 + (-1022)/18. Let q be (u + -1)*13/(-26). What is the greatest common factor of q and 203?
29
Let a(z) = 6*z - 8. Let h be a(4). What is the highest common divisor of h and 24?
8
Let u(z) = 128*z**3. Suppose 0 = 2*r + c - 7, r + 24 = 3*c + 2*c. Let o be u(r). What is the highest common factor of 16 and o?
16
Let l = -12 - -53. Let v = -29 + l. Calculate the highest common divisor of 24 and v.
12
Let k(m) = 13*m**3 + m**2. Let b be k(1). Suppose -4*p + 2 = 3*x, 3*p = -2*x - x. What is the greatest common factor of p and b?
2
Suppose 3*n - 97 = -31. Calculate the greatest common divisor of 11 and n.
11
Let p(q) = -19*q - 11. Let h be p(-2). Calculate the greatest common factor of h and 189.
27
Suppose 4*d = -17*d + 672. Let y = -3 - -11. Calculate the highest common factor of y and d.
8
Let a(z) = z + 5. Let n be a(-4). Let u = -10 + 13. Let y(d) = 2*d - 4. Let h be y(u). Calculate the greatest common divisor of n and h.
1
Suppose -3*p = -12, 4*z - 35 + 11 = -3*p. Suppose -3*m + m = -72. Suppose -m = -7*r + 3*r. What is the highest common factor of z and r?
3
Let p(f) be the third derivative of -f**6/120 - f**5/15 + 5*f**4/24 + f**3/3 + 4*f**2. Let i be p(-6). Calculate the greatest common factor of i and 4.
4
Suppose 4*c = 60 + 132. Let x = -8 + 14. Calculate the greatest common factor of c and x.
6
Let f = -31 - -33. What is the highest common divisor of 54 and f?
2
Let j(p) = p - 3. Let q be j(6). Suppose -2*t - 5*v = -54, -2*t - 108 = -6*t - 2*v. What is the highest common divisor of q and t?
3
Let a(x) = x**2 - 11. Let y be a(-11). What is the highest common divisor of 10 and y?
10
Suppose 3*g = 4*s + 4*g - 50, 0 = 5*g + 10. What is the highest common divisor of s and 13?
13
Let t = -51 - -53. What is the highest common divisor of 10 and t?
2
Suppose -4*p = -m - m - 812, -p = 2*m - 208. What is the greatest common divisor of 12 and p?
12
Let h be (22 - -4) + 1 + 0. Let x be (2 - 8)*42/12. Let p = 39 + x. What is the highest common divisor of h and p?
9
Let m(w) = -2*w. Let f be m(-4). Calculate the greatest common factor of 20 and f.
4
Suppose -5*h = -2*h + 24. Let t be (16/h)/((-2)/7). Calculate the greatest common divisor of t and 49.
7
Suppose 2*a = -4*u + 190 + 22, 0 = -2*a - 8. What is the greatest common divisor of u and 5?
5
Suppose 3*b = -4*s + 18, -35 = -2*b - 0*b + 5*s. Let a(d) = 8*d - 10. Let l be a(5). Calculate the greatest common factor of b and l.
10
Let u(v) = -v**3 + 3*v**2 + v - 2. Suppose 3*b + 3 - 18 = 0, 3*b = -3*z + 9. Let s be u(z). What is the highest common factor of s and 2?
2
Let l be -8*((-27)/2 - (-2 - -1)). What is the greatest common divisor of 20 and l?
20
Let w be (225/(-18))/(3/(-6)). What is the greatest common factor of 200 and w?
25
Let d = -6 + 20. Let w(u) = 2*u**2 + 5*u - 7. Suppose 0*b + 24 = -4*b. Let k be w(b). Calculate the greatest common factor of k and d.
7
Suppose -5*y = 2*m + 3 + 26, -3*y - 5*m - 25 = 0. Let b be 14/10 - (-2)/y. Calculate the greatest common factor of b and 5.
1
Let c = 13 - 11. Calculate the greatest common divisor of c and 8.
2
Suppose -4*w = -4 - 4. Suppose -w*x = 5*u - 9 - 1, 5 = x + 4*u. What is the greatest common divisor of x and 5?
5
Suppose -5*d + h + 828 = 0, 2*d = -3*d - 5*h + 810. What is the highest common factor of 55 and d?
55
Let g = 694 - 659. Let y(d) = d**2 + 6*d + 5. Let c be y(-6). What is the highest common divisor of g and c?
5
Let d be 6/15 + 3*(-114)/(-45). Calculate the highest common divisor of d and 88.
8
Let h be (12/(-36))/(44/(-42) - -1). Calculate the greatest common factor of 14 and h.
7
Let m(u) = -u**3 + 6*u**2 - 4*u - 7. Let f be m(4). Calculate the greatest common divisor of f and 1.
1
Let r(t) = t + 6. Let m be r(14). What is the greatest common divisor of m and 50?
10
Suppose 0 = -0*s + 3*s - 48. Let t = 327 - 506. Let f = -115 - t. Calculate the highest common factor of f and s.
16
Suppose 5*l = 6*i - 4*i - 52, i - 8 = l. Let p be (-6 + 7)/((-2)/l). Calculate the greatest common divisor of 4 and p.
2
Let a(v) = -17*v. Let x be a(-1). Let t be (-16)/(-64)*12*(-17)/(-3). Calculate the greatest common factor of x and t.
17
Suppose -y = -3*y. Suppose -16 = -2*x - y*x. Suppose -5*p = -p - 160. What is the greatest common divisor of p and x?
8
Suppose -2*u + 52 + 4 = 0. What is the highest common factor of u and 84?
28
Let k = 32 - 27. Suppose 2*c - 44 - 36 = 0. What is the highest common factor of c and k?
5
Let g be 9/(-2)*16/24. Let k be ((-1)/(-2))/(g/(-144)). Calculate the greatest common divisor of k and 264.
24
Suppose 0 = -4*k - 0*k + 24. Suppose 4*i = 2*c + 38, -5*i + 0*c - 4*c + 80 = 0. Calculate the greatest common factor of i and k.
6
Suppose 3*d - 9 = 5*g, -3 = -d - 4*g + 2*g. Let q be 160/4*d/4. Let o = -51 + 61. What is the greatest common factor of q and o?
10
Let v(c) = 8*c - 2. Let j be v(2). Let n be ((-7)/j)/(2/(-252)). What is the greatest common factor of 21 and n?
21
Suppose -2*k = 3*k + 50. Let f be k*(-4)/((-24)/9). Let b be 47/5 + (-9)/f. What is the highest common factor of 30 and b?
10
Suppose -2*w = 4*x + 15 - 61, 2*x = 2*w - 70. Suppose -z - 12 - 5 = 0. Let a = z + w. Calculate the greatest common factor of a and 2.
2
Let n be 17 - (6/(-3))/(-1). Let a be -1 + (2 - 2 - -1). Let s be 7 + (3/(-3) - a). Calculate the greatest common divisor of s and n.
3
Let x = 54 + -36. Let t = -6 - -10. Let f be t/5*1485/6. What is the highest common factor of f and x?
18
Let g(q) = 18*q - 54. Let m be g(17). Calculate the greatest common divisor of 28 and m.
28
Suppose -5*p = 0, 3*n - 3*p = -5*p - 6. Let c be (2 + n - -12) + 1. Calculate the highest common divisor of c and 78.
13
Let n = 8 + 6. Let q = -110 - -180. Calculate the highest common factor of n and q.
14
Suppose 2*h - 10 = 5*o - 3*h, 0 = -o - 5*h + 22. Suppose o*w + 60 = 7*w. What is the highest common divisor of w and 60?
12
Let k(m) = 3*m**2 + 4*m - 1. Let p be k(-3). Suppose -5*a + 327 - 47 = 0. What is the highest common divisor of a and p?
14
Let q(g) = 3*g**3 - 11*g**2 - 4*g - 5. Let p be q(5). Suppose 75 = 3*v + 2*v. What is the highest common factor of p and v?
15
Let m be 15/(-60) - 106/(-8). Suppose 53 + 142 = 3*p. Calculate the greatest common factor of m and p.
13
Let x(a) = -a**2 - 5*a + 8. Let u be x(-6). Suppose 2*g = 4*g - 32. Let r = g + 0. Calculate the highest common factor of r and u.
2
Let v(m) = m**2 - 9*m - 4. Let g be v(-3). What is the highest common factor of 2 and g?
2
Let q(n) = -5*n**2 - 2*n. Let y be q(-2). Let z = 5 + 22. Let u = z + y. What is the greatest common factor of u and 99?
11
Let i be (10/(-30))/(2/(-102)). Calculate the greatest common divisor of 119 and i.
17
Suppose 18 = 2*g - 16. Suppose -20 = -4*i, 0*a + i + 80 = 5*a. Calculate the highest common factor of g and a.
17
Let f(o) = o**3 - 2*o**2 - 5*o. Let b = 0 - -4. Let a be f(b). Suppose 0*k + 4*x - 32 = -3*k, 2*k - x - 25 = 0. Calculate the highest common divisor of k and a.
12
Let w(n) = -n**3 + 14*n**2 + 16*n - 7. Let p be w(15). Let q(d) = d**2 - 3*d - 22. Let j be q(9). What is the greatest common divisor of j and p?
8
Let a(u) = 9*u**3 + 2*u - 1. Let b be (2/(-4))/((-3)/6). Let r be a(b). Calculate the greatest common factor of r and 5.
5
Suppose 0*d - 3*d - 15 = 0. Let y = 6 + d. What is the highest common factor of y and 4?
1
Let w = -17 - -23. Calculate th